y 1612?
1515
What is the remainder when 1462113 is divided by 332?
317
Calculate the remainder when 1649420 is divided by 61.
41
What is the remainder when 1387452 is divided by 693607?
238
What is the remainder when 5231853 is divided by 168?
165
Calculate the remainder when 12146147 is divided by 418832.
19
Calculate the remainder when 29343 is divided by 1935.
318
Calculate the remainder when 122165602 is divided by 62.
58
Calculate the remainder when 98209324 is divided by 14029903.
3
What is the remainder when 119508 is divided by 29870?
28
Calculate the remainder when 1876534 is divided by 28432.
22
Calculate the remainder when 93004545 is divided by 2548.
2545
Calculate the remainder when 67474 is divided by 3247.
2534
What is the remainder when 140865493 is divided by 18?
13
Calculate the remainder when 8218074 is divided by 782.
36
What is the remainder when 511694 is divided by 13120?
14
Calculate the remainder when 244835 is divided by 2880.
35
Calculate the remainder when 368834 is divided by 21696.
2
Calculate the remainder when 16974525 is divided by 86.
17
Calculate the remainder when 6649964 is divided by 1019.
989
What is the remainder when 7589501 is divided by 32?
29
Calculate the remainder when 52452 is divided by 543.
324
What is the remainder when 12477710 is divided by 209?
201
What is the remainder when 4393680 is divided by 441?
438
Calculate the remainder when 238869 is divided by 59674.
173
What is the remainder when 242256 is divided by 121101?
54
What is the remainder when 375825 is divided by 187905?
15
What is the remainder when 669580 is divided by 636?
508
Calculate the remainder when 328210 is divided by 1308.
1210
What is the remainder when 715799 is divided by 287?
21
What is the remainder when 1723723 is divided by 143?
1
Calculate the remainder when 535629 is divided by 20601.
3
Calculate the remainder when 301511 is divided by 3515.
2736
What is the remainder when 251178798 is divided by 5759?
13
What is the remainder when 20117 is divided by 16455?
3662
What is the remainder when 1220772 is divided by 160?
132
What is the remainder when 143196 is divided by 143032?
164
What is the remainder when 5247232 is divided by 2806?
12
Calculate the remainder when 13423347 is divided by 12104.
11
What is the remainder when 2151739 is divided by 2277?
2251
Calculate the remainder when 126256 is divided by 63083.
90
What is the remainder when 632755 is divided by 17576?
19
Calculate the remainder when 74092 is divided by 2614.
900
What is the remainder when 1272581 is divided by 636265?
51
What is the remainder when 655113 is divided by 44?
41
What is the remainder when 2065534 is divided by 559?
29
What is the remainder when 1201301 is divided by 85?
81
What is the remainder when 520800 is divided by 422?
52
Calculate the remainder when 207200 is divided by 853.
774
What is the remainder when 188519 is divided by 2944?
103
Calculate the remainder when 7491454 is divided by 2364.
2302
What is the remainder when 24454 is divided by 24305?
149
What is the remainder when 4695615 is divided by 975?
15
What is the remainder when 439032 is divided by 3355?
2882
Calculate the remainder when 220283 is divided by 5241.
161
What is the remainder when 700462 is divided by 697304?
3158
What is the remainder when 772387 is divided by 21?
7
What is the remainder when 3890856 is divided by 79405?
11
Calculate the remainder when 53564 is divided by 2977.
2955
Calculate the remainder when 56141832 is divided by 51.
12
Calculate the remainder when 13201225 is divided by 2661.
4
What is the remainder when 8845415 is divided by 417?
11
Calculate the remainder when 35932162 is divided by 2207.
2202
What is the remainder when 5938267 is divided by 78135?
7
What is the remainder when 4152869 is divided by 7?
0
Calculate the remainder when 412427 is divided by 12877.
363
What is the remainder when 1364293 is divided by 17?
9
Calculate the remainder when 25428614 is divided by 1027.
94
What is the remainder when 301219 is divided by 2317?
9
Calculate the remainder when 6747330 is divided by 1735.
1650
What is the remainder when 141581 is divided by 47181?
38
Calculate the remainder when 125750769 is divided by 164.
161
What is the remainder when 194687 is divided by 1244?
623
What is the remainder when 1019087 is divided by 27537?
218
What is the remainder when 214793 is divided by 16522?
7
Calculate the remainder when 12477817 is divided by 2309.
2290
What is the remainder when 14532745 is divided by 7103?
7
What is the remainder when 6879771 is divided by 3439600?
571
What is the remainder when 366760005 is divided by 1730000?
5
What is the remainder when 115530 is divided by 17289?
11796
Calculate the remainder when 51176 is divided by 103.
88
Calculate the remainder when 1712441 is divided by 741.
731
Calculate the remainder when 26562513 is divided by 225106.
5
Calculate the remainder when 24375551 is divided by 13262.
13257
What is the remainder when 57395583 is divided by 4?
3
What is the remainder when 573614 is divided by 194?
150
What is the remainder when 52722734 is divided by 5245?
5239
What is the remainder when 744871 is divided by 2403?
2344
Calculate the remainder when 43259117 is divided by 65.
57
Calculate the remainder when 6591660 is divided by 16.
12
What is the remainder when 3433313 is divided by 255?
248
Calculate the remainder when 3936665 is divided by 1311985.
710
Calculate the remainder when 769338 is divided by 341.
42
Calculate the remainder when 178085 is divided by 768.
677
Calculate the remainder when 2282710606 is divided by 2568.
2566
Calculate the remainder when 2356807 is divided by 392790.
67
What is the remainder when 7062772 is divided by 415457?
3
What is the remainder when 1338425 is divided by 12277?
232
What is the remainder when 848893 is divided by 848795?
98
Calculate the remainder when 27390250 is divided by 110001.
1
What is the remainder when 116191 is divided by 34?
13
What is the remainder when 190888 is divided by 4897?
4802
What is the remainder when 51963197 is divided by 25?
22
What is the remainder when 28228 is divided by 3275?
2028
What is the remainder when 76146 is divided by 5415?
336
Calculate the remainder when 71969 is divided by 11275.
4319
What is the remainder when 1820893 is divided by 6575?
6193
Calculate the remainder when 34485 is divided by 555.
75
What is the remainder when 23862049 is divided by 2551?
2546
Calculate the remainder when 524884 is divided by 189.
31
What is the remainder when 278403 is divided by 15466?
15
What is the remainder when 404935 is divided by 134977?
4
Calculate the remainder when 3008920 is divided by 446.
204
Calculate the remainder when 1051228 is divided by 3604.
2464
Calculate the remainder when 226856 is divided by 1373.
311
Calculate the remainder when 67515035 is divided by 71672.
11
What is the remainder when 224325 is divided by 1246?
45
Calculate the remainder when 2403055 is divided by 329.
39
What is the remainder when 17914194 is divided by 263444?
2
What is the remainder when 12172133 is divided by 270?
263
Calculate the remainder when 1243798 is divided by 821.
804
Calculate the remainder when 3047788 is divided by 874.
150
What is the remainder when 1122245 is divided by 1159?
333
What is the remainder when 19871496 is divided by 275?
271
What is the remainder when 262850 is divided by 4984?
3682
Calculate the remainder when 13924 is divided by 1111.
592
Calculate the remainder when 244087 is divided by 547.
125
Calculate the remainder when 474542 is divided by 269.
26
Calculate the remainder when 10186129 is divided by 145516.
9
Calculate the remainder when 31011 is divided by 30970.
41
Calculate the remainder when 92089343 is divided by 8859.
38
Calculate the remainder when 778469 is divided by 43245.
59
What is the remainder when 28406937 is divided by 1607?
1605
What is the remainder when 33489285 is divided by 5798?
37
What is the remainder when 62457 is divided by 79?
47
Calculate the remainder when 14644618 is divided by 41.
33
What is the remainder when 3898128 is divided by 3706?
3122
What is the remainder when 41443089 is divided by 72?
33
What is the remainder when 3195 is divided by 3136?
59
What is the rema